j + 4*p, -3*p + 390 = 4*j. Let w = j + -13. Is w composite?
False
Let i(a) = a**2 - 4*a - 6. Let s be i(-2). Is 158164/s*(-84)/(-56) a composite number?
False
Let q = 71 - 56. Is 59694/q + (-3)/5 prime?
False
Let u(w) = 1913*w - 383. Let c be u(26). Suppose 10*d = 5*d + c. Is d composite?
False
Let i be -1 - (-8 + (-15)/(-5)). Let k(c) = -321*c - 10. Let v be k(-4). Suppose -i*z - 126 = -v. Is z a prime number?
False
Suppose 30*o + 29 = 2*f + 27*o, 2*f - 4*o = 34. Let a(s) = s**3 + 3*s**2 + s - 1. Let z be a(-2). Is ((-39)/6 + f)/(z/2722) a prime number?
True
Suppose -4*i + l - 12 = 0, -2*l = 5*i - 7*l. Let v(y) = -3*y - 10. Let k be v(i). Suppose 3*z + 721 = r - 0*r, 0 = 2*r + k*z - 1442. Is r a prime number?
False
Is ((-91)/13 - -8)*(2 - -258099) a composite number?
False
Let b(p) = -6*p**3 + 9*p**2 - 13*p + 7. Let a(z) = -11*z + z**2 - z**3 - 7*z + 1 + 17*z. Let t(g) = 2*a(g) - b(g). Is t(7) prime?
False
Let j(g) = 141*g**2 + 40*g + 78. Is j(13) a prime number?
False
Let i = -55859 + 88546. Is i a composite number?
False
Suppose 4*c + 3*z = -147, 73 + 47 = -3*c + z. Is c + 41 - (-3118)/2 a prime number?
False
Let j(w) = -2*w**3 - 37*w**2 - 184*w + 149. Is j(-40) composite?
True
Let r = 23 + -23. Let i be ((-3)/(-27)*-3)/(4/(-13236)). Suppose -5*h - 4*j + 1079 = r, -12 = 5*h + j - i. Is h composite?
True
Let b = -383635 + 675054. Is b a prime number?
True
Suppose -11*j = 33*j + 7977836 - 40822824. Is j prime?
True
Suppose 3*m = -p + 2*p - 60, -5*p - 99 = 4*m. Is m/14*(-10670)/15 a prime number?
False
Suppose 2*i + 4*k - 95222 = 0, -233*i + 235*i + 3*k - 95216 = 0. Is i a prime number?
True
Suppose 95*t = 97*t + 5*z - 5906081, -2*t + 5906099 = 3*z. Is t a composite number?
False
Suppose -5*n + 5382 = -5343. Let m = n + 973. Is m a prime number?
False
Suppose 0 = 4*j - 93 + 21. Suppose y = -j + 19. Is (551/2 + 3)*(y - -1) a composite number?
False
Suppose 5*t - 8*t - 3 = 0. Let n be (-4)/4*1 - t. Suppose n = 10*v - 7*v - 3495. Is v a prime number?
False
Let q = 14 - 11. Suppose -1 + 16 = q*k. Suppose -j - k = 0, -117 = -p - j + 92. Is p a composite number?
True
Let o be (50/(-3))/(4/36*-3). Let y = o - 43. Suppose 0 = -y*c + 3570 - 616. Is c a prime number?
False
Let o = 168383 - 4654. Is o a prime number?
True
Let y(t) = -t**3 + 5*t**2 + 2*t - 6. Let z be y(5). Let d = -542 + 929. Suppose i + 3*q - d = 0, -3*q - z = -5*q. Is i a composite number?
True
Let o = -247 - -52230. Is o composite?
True
Suppose 0 = 2*d - 6, o = -37*d + 34*d + 132920. Is o prime?
True
Let y(j) = -12*j + 31. Suppose -18 = -q - 11*r + 7*r, 5*q - 26 = -4*r. Suppose 0 = q*x + 4*x + 48. Is y(x) a prime number?
True
Let a be 6 + (-2 - 2) + 0. Suppose 5*t + 3*y - 5*y = -a, 2*t - y = -1. Suppose -q + 1266 + 1067 = t. Is q prime?
True
Let z = 197 + 940. Let v = -225 + 731. Let r = z - v. Is r prime?
True
Let h(m) = 982*m**3 + 16*m**2 + 13*m + 25. Is h(6) a composite number?
False
Let x(k) = 721*k - 19. Let s be x(7). Suppose -s = -2*r - 10*r. Is r a prime number?
True
Suppose -17*g = 8*g. Is 1/((-4)/(-35612) - g) a prime number?
False
Let d = -988929 + 1390868. Is d composite?
False
Let p = 141 - 139. Suppose 16917 = p*v - 5*n, 8678 = 2*v + 2*n - 8274. Is v a prime number?
False
Let a(w) = w**3 + 6*w**2 - 5. Let v be a(-6). Let k be (-2)/v + 54/15. Suppose -k*n - d + 214 + 302 = 0, 3*n - 4*d = 387. Is n prime?
False
Let y = -67 + 72. Suppose -g = -5*c - 6*g + 65, 4*c - y*g - 43 = 0. Suppose -t - c*t = -3107. Is t composite?
False
Let p(c) = 3*c + 22. Let w be p(-8). Let m(f) = -11*f - 4. Let n(i) = -56*i - 21. Let s(g) = w*n(g) + 11*m(g). Is s(-25) a prime number?
True
Is ((-120)/25 - -6)/(-4 + 1874124/468530) composite?
True
Let o(v) = 42*v**3 - 2*v**2 - 22*v + 4. Let h be o(7). Suppose -54*a = -52*a - 2*l - 14182, 2*a = -4*l + h. Is a prime?
False
Let f = -149 - -276. Suppose o + f = 148. Is (-9)/o + (-1784)/(-14) composite?
False
Let y(u) = u**3 - 5*u**2 - 13*u - 6. Let b be y(7). Is (1/5)/(((-1)/(-153355))/b) a composite number?
False
Suppose -t = -2*v + 1053, 0 = t + 4*t - 3*v + 5244. Let w = -668 - t. Is w a composite number?
False
Let f be ((-48)/3)/8*(1 - 2). Suppose -f*a = 3*v - 52831, -4*v + 0*a + 3*a + 70447 = 0. Is v prime?
False
Suppose -22*d = -26*d + 60. Suppose -14*r = -d*r + 10711. Is r prime?
True
Let a = 536 - 346. Suppose n - 891 + a = 0. Let w = n - -290. Is w a composite number?
False
Let f = -19 - -35. Let t be 3/(-1 + 4/f). Is (49467/22)/((-6)/t) a prime number?
True
Let o = 4101 + -4065. Let p = -51 - -36. Let z = o - p. Is z a prime number?
False
Suppose 157925302 = 157*y + 24*y + 49214711. Is y prime?
False
Suppose 6*s - 19 - 5 = 0. Suppose 0 = 9*f - s*f - 1165. Is f composite?
False
Let s(u) = -19*u - u**3 - 12*u**2 + 15*u + 14*u - 4 + 6*u**2. Let a be s(-9). Suppose 0 = -f + a. Is f prime?
True
Let i = 6328 + -10. Let q = i - 3155. Is q prime?
True
Let j(h) = 76027*h**2 + 8*h - 2. Let b be j(-1). Let z = b + -49186. Is z a prime number?
False
Let i = -338 - -341. Suppose -4*s - i*n + 26957 = 0, -2*n - 5435 = -5*s + 28290. Is s composite?
True
Let h(k) = 28*k**2 + 53*k - 953. Is h(54) prime?
True
Let w = -237780 - -447667. Is w a composite number?
False
Let i(f) = -413*f**3 + 21*f**2 + 32*f + 211. Is i(-11) a prime number?
True
Let d be (-7 - -10) + (-42)/1. Let c = d + 41. Suppose 561 = k + c*k. Is k prime?
False
Suppose -294*i + 316*i - 42580673 = -12035895. Is i prime?
False
Is (380/25 + -11 - 4) + (-59048)/(-10) a composite number?
True
Let l(h) = 4826*h**2 + 55*h + 226. Is l(-5) a composite number?
True
Let i = 371831 + 182220. Is i a prime number?
True
Let q(h) be the third derivative of -h**6/120 - h**5/30 + 2*h**4/3 - 4*h**3 + h**2 - 15. Is q(-7) prime?
True
Let g(l) = -l**2 + 18*l + 26. Let f be g(19). Is 39225/6 + f/(-56)*4 a composite number?
True
Let p = -509987 - -955816. Is p a composite number?
False
Let p(v) = 19 + 3*v + 2*v - 39 + 0*v. Let h be p(5). Suppose -2*u - f + 5*f + 598 = 0, 0 = -h*f - 25. Is u a prime number?
False
Suppose o = 2*a + 2551, 0 = -4*o - 4*a + 9623 + 629. Suppose -4*b + 3*x + 881 + o = 0, 5*b - x = 4311. Is b a prime number?
True
Let d = -40853 + 180276. Is d prime?
True
Let q(s) = 2627*s**2 + 33*s - 25. Let j be q(5). Suppose 0 = -2428*p + 2423*p + j. Is p a prime number?
True
Suppose 0 = 5*q - w - 775, 0 = -0*w + 5*w. Suppose 1913 = 6*f + q. Is f a composite number?
False
Suppose 40 = -4*k + 14*k. Let s be (k + (-12)/2)/(-1 - 0). Suppose -3*p + 1131 = 2*x, 0 = 3*p - x - s*x - 1131. Is p a prime number?
False
Is (6 + 1 - (1 - -1))*(-66588608)/(-320) a prime number?
True
Let x(y) = y**2 + 5*y + 1. Let u be x(-5). Let d be -10*14 + u + -1. Let f = d + 259. Is f composite?
True
Suppose -75*s + 1399892 + 819080 + 5144453 = 0. Is s prime?
True
Let o(k) = 411*k**2 + 269*k + 11. Is o(-5) composite?
False
Let i = -54335 - 11399. Let j = i + 103931. Is j a composite number?
False
Let n(r) = 157*r**3 - 3*r**2 - 4*r + 1. Suppose 10 = f - 2*z + 1, -4*z - 21 = -3*f. Is n(f) composite?
False
Is ((-3107546)/(-39) - 24) + (-2)/(-6) composite?
False
Let t = 2211 - -35638. Is t a prime number?
False
Suppose 0 = 15*g + 23*g + 23*g - 1428559. Is g prime?
False
Let r be 10/(8 - 3) + 0. Let o be (r + 4)*-153*1/(-2). Suppose 3*j - o = 1020. Is j composite?
True
Let y = 101391 - 49942. Is y prime?
True
Let a = 99845 - 63958. Is a composite?
True
Is 48/20 + -3 + (-29)/(1305/(-5205672)) prime?
False
Let s(b) = -1107*b - 6. Let p(a) = -1105*a - 4. Let z(v) = -4*p(v) + 3*s(v). Is z(5) composite?
True
Let d(h) = 908*h + 486523. Is d(0) composite?
True
Is (5/15)/(-14 - (-51387975)/3670569) a prime number?
False
Suppose -4*o + 156*p - 153*p = -40148, 0 = -2*o - 3*p + 20074. Is o prime?
True
Suppose a + 4*v + v + 14 = 0, 3*a - 2*v - 26 = 0. Suppose -d = -3*u - a*d + 8904, 3*d = u - 2954. Is u composite?
False
Let i(s) = 11*s**3 + 28*s**2 - 63*s + 42. Let v(a) = 4*a**3 + 9*a**2 - 21*a + 14. Let x(r) = 3*i(r) - 8*v(r). Let n be x(-15). Let c = -180 - n. Is c composite?
True
Let h(d) = 3*d**2 - 66*d + 240. Let x be h(45). Suppose 0 = -4*m + 6*m + 5*c + 2746, -6 = -3*c. Let v = x + m. Is v composite?
True
Let s be (-55768)/13 - ((-400)/104 + 4). Let d = s - -6943. Is d composite?
True
Let x be (2080/(-78))/((-2)/(-6)). Let z = x + 84. Suppos